ist the prime factors of 2897.
2897
List the prime factors of 1107.
3, 41
What are the prime factors of 27082?
2, 11, 1231
What are the prime factors of 2363?
17, 139
List the prime factors of 909.
3, 101
List the prime factors of 672.
2, 3, 7
What are the prime factors of 88?
2, 11
List the prime factors of 17388.
2, 3, 7, 23
What are the prime factors of 281?
281
List the prime factors of 2860.
2, 5, 11, 13
List the prime factors of 36686.
2, 13, 17, 83
List the prime factors of 7362.
2, 3, 409
List the prime factors of 3323.
3323
List the prime factors of 186.
2, 3, 31
What are the prime factors of 7057?
7057
List the prime factors of 6438.
2, 3, 29, 37
What are the prime factors of 7891?
13, 607
What are the prime factors of 53074?
2, 7, 17, 223
What are the prime factors of 53763?
3, 17921
List the prime factors of 2771.
17, 163
What are the prime factors of 35747?
35747
What are the prime factors of 806?
2, 13, 31
What are the prime factors of 908?
2, 227
List the prime factors of 19563.
3, 6521
What are the prime factors of 107199?
3, 43, 277
List the prime factors of 22316.
2, 7, 797
List the prime factors of 31347.
3, 43
What are the prime factors of 41808?
2, 3, 13, 67
What are the prime factors of 1044?
2, 3, 29
What are the prime factors of 10997?
7, 1571
What are the prime factors of 35045?
5, 43, 163
List the prime factors of 35870.
2, 5, 17, 211
What are the prime factors of 5593?
7, 17, 47
What are the prime factors of 750?
2, 3, 5
List the prime factors of 16031.
17, 23, 41
List the prime factors of 3679.
13, 283
List the prime factors of 1435.
5, 7, 41
List the prime factors of 8124.
2, 3, 677
List the prime factors of 58037.
7, 8291
What are the prime factors of 13997?
13997
What are the prime factors of 2963?
2963
List the prime factors of 19884.
2, 3, 1657
What are the prime factors of 107479?
23, 4673
What are the prime factors of 14148?
2, 3, 131
List the prime factors of 32188.
2, 13, 619
What are the prime factors of 27945?
3, 5, 23
List the prime factors of 785.
5, 157
What are the prime factors of 3316?
2, 829
What are the prime factors of 15308?
2, 43, 89
List the prime factors of 1240.
2, 5, 31
List the prime factors of 1283.
1283
What are the prime factors of 93842?
2, 7, 6703
What are the prime factors of 3602?
2, 1801
List the prime factors of 561.
3, 11, 17
List the prime factors of 26802.
2, 3, 1489
List the prime factors of 693.
3, 7, 11
What are the prime factors of 88009?
17, 31, 167
List the prime factors of 10494.
2, 3, 11, 53
What are the prime factors of 106?
2, 53
What are the prime factors of 2596?
2, 11, 59
List the prime factors of 4342.
2, 13, 167
What are the prime factors of 2258?
2, 1129
List the prime factors of 5259.
3, 1753
What are the prime factors of 1904?
2, 7, 17
What are the prime factors of 4635?
3, 5, 103
List the prime factors of 48154.
2, 24077
What are the prime factors of 972?
2, 3
List the prime factors of 25432.
2, 11, 17
List the prime factors of 23114.
2, 7, 13, 127
What are the prime factors of 11?
11
List the prime factors of 504.
2, 3, 7
What are the prime factors of 1869?
3, 7, 89
List the prime factors of 969.
3, 17, 19
What are the prime factors of 981?
3, 109
What are the prime factors of 7271?
11, 661
List the prime factors of 2296.
2, 7, 41
What are the prime factors of 1174?
2, 587
What are the prime factors of 10553?
61, 173
What are the prime factors of 1025?
5, 41
What are the prime factors of 10952?
2, 37
List the prime factors of 10381.
7, 1483
What are the prime factors of 47?
47
List the prime factors of 2397.
3, 17, 47
What are the prime factors of 927?
3, 103
List the prime factors of 13179.
3, 23, 191
List the prime factors of 5021.
5021
What are the prime factors of 34918?
2, 13, 17, 79
What are the prime factors of 28741?
41, 701
What are the prime factors of 2335?
5, 467
What are the prime factors of 18115?
5, 3623
What are the prime factors of 15648?
2, 3, 163
List the prime factors of 29068.
2, 13, 43
What are the prime factors of 1348?
2, 337
What are the prime factors of 7919?
7919
List the prime factors of 142190.
2, 5, 59, 241
What are the prime factors of 5325?
3, 5, 71
What are the prime factors of 1042?
2, 521
List the prime factors of 2636.
2, 659
List the prime factors of 16661.
16661
List the prime factors of 1419.
3, 11, 43
List the prime factors of 16877.
7, 2411
What are the prime factors of 15328?
2, 479
List the prime factors of 3759.
3, 7, 179
What are the prime factors of 35913?
3, 11971
List the prime factors of 52646.
2, 11, 2393
List the prime factors of 891.
3, 11
What are the prime factors of 1190?
2, 5, 7, 17
List the prime factors of 57352.
2, 67, 107
What are the prime factors of 4204?
2, 1051
What are the prime factors of 3519?
3, 17, 23
What are the prime factors of 618?
2, 3, 103
List the prime factors of 233.
233
What are the prime factors of 6520?
2, 5, 163
List the prime factors of 14657.
14657
What are the prime factors of 1594?
2, 797
What are the prime factors of 2594?
2, 1297
List the prime factors of 3268.
2, 19, 43
What are the prime factors of 28819?
7, 23, 179
List the prime factors of 107117.
17, 6301
What are the prime factors of 2120?
2, 5, 53
List the prime factors of 4313.
19, 227
What are the prime factors of 950?
2, 5, 19
List the prime factors of 5043.
3, 41
List the prime factors of 17432.
2, 2179
What are the prime factors of 1446?
2, 3, 241
What are the prime factors of 7426?
2, 47, 79
What are the prime factors of 38387?
23, 1669
What are the prime factors of 172?
2, 43
What are the prime factors of 12479?
12479
What are the prime factors of 9630?
2, 3, 5, 107
List the prime factors of 16526.
2, 8263
List the prime factors of 170866.
2, 37, 2309
What are the prime factors of 493?
17, 29
What are the prime factors of 403?
13, 31
What are the prime factors of 58085?
5, 11617
List the prime factors of 2766.
2, 3, 461
What are the prime factors of 77576?
2, 9697
List the prime factors of 948.
2, 3, 79
What are the prime factors of 2511?
3, 31
What are the prime factors of 7810?
2, 5, 11, 71
What are the prime factors of 19025?
5, 761
List the prime factors of 43806.
2, 3, 7, 149
List the prime factors of 116459.
7, 127, 131
What are the prime factors of 9059?
9059
What are the prime factors of 51067?
223, 229
List the prime factors of 23522.
2, 19, 619
What are the prime factors of 53350?
2, 5, 11, 97
What are the prime factors of 9205?
5, 7, 263
List the prime factors of 1505.
5, 7, 43
What are the prime factors of 53590?
2, 5, 23, 233
List the prime factors of 5647.
5647
What are the prime factors of 53364?
2, 3, 4447
List the prime factors of 10665.
3, 5, 79
List the prime factors of 48966.
2, 3, 8161
List the prime factors of 840.
2, 3, 5, 7
List the prime factors of 15767.
15767
What are the prime factors of 1553?
1553
List the prime factors of 2244.
2, 3, 11, 17
List the prime factors of 1608.
2, 3, 67
List the prime factors of 80383.
31, 2593
What are the prime factors of 7841?
7841
List the prime factors of 747.
3, 83
What are the prime factors of 86087?
31, 2777
What are the prime factors of 10798?
2, 5399
What are the prime factors of 28593?
3, 353
List the prime factors of 127988.
2, 7, 653
List the prime factors of 115.
5, 23
What are the prime factors of 3560?
2, 5, 89
List the prime factors of 120.
2, 3, 5
List the prime factors of 1625.
5, 13
What are the prime factors of 4901?
13, 29
List the prime factors of 66239.
66239
List the prime factors of 181.
181
List the prime factors of 5846.
2, 37, 79
List the prime factors of 20450.
2, 5, 409
List the prime factors of 38796.
2, 3, 53, 61
What are the prime factors of 101752?
2, 7, 23, 79
List the prime factors of 688.
2, 43
What are the prime factors of 45689?
7, 61, 107
List the prime factors of 124.
2, 31
What are the prime factors of 375?
3, 5
What are the prime factors of 86842?
2, 7, 6203
What are the prime factors of 196?
2, 7
What are the prime factors of 2678?
2, 13, 103
What are the prime factors of 6194?
2, 19, 163
List the prime factors of 1721.
1721
List the prime factors of 6882.
2, 3, 31, 37
List the prime factors of 10479.
3, 7, 499
What are the prime factors of 8624?
2, 7, 11
List the prime factors of 58897.
58897
What are